{"id":135,"date":"2018-07-18T08:05:26","date_gmt":"2018-07-18T08:05:26","guid":{"rendered":"https:\/\/www.naturalwoodycrops.com\/?page_id=135"},"modified":"2019-06-14T08:41:50","modified_gmt":"2019-06-14T08:41:50","slug":"explotaciones-2","status":"publish","type":"page","link":"https:\/\/www.naturalwoodycrops.com\/index.php\/explotaciones-2\/","title":{"rendered":"Explotaciones"},"content":{"rendered":"<div class=\"wpb-content-wrapper\"><p>[vc_row][vc_column][vc_single_image image=&#8221;132&#8243; img_size=&#8221;large&#8221; alignment=&#8221;center&#8221;][vc_column_text]<\/p>\n<h3><span style=\"color: #000000;\"><strong>Contamos con las siguientes explotaciones:<\/strong><\/span><\/h3>\n<p>[\/vc_column_text][vc_column_text]<\/p>\n<h2 style=\"text-align: center;\"><strong>Actualmente plantadas<\/strong><\/h2>\n<p>[\/vc_column_text][\/vc_column][\/vc_row][vc_row][vc_column width=&#8221;1\/3&#8243;]<div tabindex=\"0\" class=\"ult-new-ib ult-ib-effect-style1  ult-ib-resp ult-ib2-min-height \" data-min-width=\"768\" data-max-width=\"900\" style=\"background:rgba(255,255,255,0.56); opacity:0; \" data-opacity=\"0.6\" data-hover-opacity=\"1\"  data-min-height=\"500\" ><img decoding=\"async\" class=\"ult-new-ib-img\" style=\"opacity:0.6;\" alt=\"null\" src=\"https:\/\/www.naturalwoodycrops.com\/wp-content\/uploads\/2018\/07\/La-Anguila-230317-7.jpg\"  data-min-height=\"500\"   \/><div id=\"interactive-banner-wrap-6704\" class=\"ult-new-ib-desc\" style=\"\"><h1 class=\"ult-new-ib-title ult-responsive\"  data-ultimate-target='#interactive-banner-wrap-6704 .ult-new-ib-title'  data-responsive-json-new='{\"font-size\":\"desktop:32px;\",\"line-height\":\"\"}'  style=\"font-weight:bold;color:#000000;\">Almendros La Anguila<\/h1><div class=\"ult-new-ib-content ult-responsive\"  data-ultimate-target='#interactive-banner-wrap-6704 .ult-new-ib-content'  data-responsive-json-new='{\"font-size\":\"\",\"line-height\":\"\"}'  style=\"font-weight:normal;\"><p>Finca: La Anguila , C\u00e1ceres<br \/>\nSuperficie: 124 has. Intensivo con marco de 6*4 = 416 \u00e1rboles\/ha<br \/>\nA\u00f1o de Plantaci\u00f3n: Noviembre 2016<br \/>\nPlantaci\u00f3n de almendros de variedades Penta, Laurane, Soleta y Marinada.<\/p><\/div><\/div><a class=\"ult-new-ib-link\" href=\"https:\/\/www.naturalwoodycrops.com\/index.php\/la-anguila\/\"  ><\/a><\/div>[\/vc_column][vc_column width=&#8221;1\/3&#8243;]<div tabindex=\"0\" class=\"ult-new-ib ult-ib-effect-style1  ult-ib-resp ult-ib2-min-height \" data-min-width=\"768\" data-max-width=\"900\" style=\"background:rgba(255,255,255,0.56); opacity:0; \" data-opacity=\"0.6\" data-hover-opacity=\"1\"  data-min-height=\"500\" ><img decoding=\"async\" class=\"ult-new-ib-img\" style=\"opacity:0.6;\" alt=\"null\" src=\"https:\/\/www.naturalwoodycrops.com\/wp-content\/uploads\/2018\/07\/La-Parrilla-220317-1.jpg\"  data-min-height=\"500\"   \/><div id=\"interactive-banner-wrap-4192\" class=\"ult-new-ib-desc\" style=\"\"><h1 class=\"ult-new-ib-title ult-responsive\"  data-ultimate-target='#interactive-banner-wrap-4192 .ult-new-ib-title'  data-responsive-json-new='{\"font-size\":\"desktop:32px;\",\"line-height\":\"\"}'  style=\"font-weight:bold;color:#000000;\">Almendros La Parrilla<\/h1><div class=\"ult-new-ib-content ult-responsive\"  data-ultimate-target='#interactive-banner-wrap-4192 .ult-new-ib-content'  data-responsive-json-new='{\"font-size\":\"\",\"line-height\":\"\"}'  style=\"font-weight:normal;\"><p>Finca: La Parrilla, Badajoz<br \/>\nSuperficie: 50 has. Intensivo con marco de 6*4 = 416 \u00e1rboles\/ha<br \/>\nA\u00f1o de Plantaci\u00f3n: Noviembre 2016<br \/>\nPlantaci\u00f3n de almendros de variedades Soleta y Constant\u00ed.<\/p><\/div><\/div><a class=\"ult-new-ib-link\" href=\"https:\/\/www.naturalwoodycrops.com\/index.php\/la-parrilla\/\"  ><\/a><\/div>[\/vc_column][vc_column width=&#8221;1\/3&#8243;]<div tabindex=\"0\" class=\"ult-new-ib ult-ib-effect-style1  ult-ib-resp ult-ib2-min-height \" data-min-width=\"768\" data-max-width=\"900\" style=\"background:rgba(255,255,255,0.56); opacity:0; \" data-opacity=\"0.6\" data-hover-opacity=\"1\"  data-min-height=\"500\" ><img decoding=\"async\" class=\"ult-new-ib-img\" style=\"opacity:0.6;\" alt=\"null\" src=\"https:\/\/www.naturalwoodycrops.com\/wp-content\/uploads\/2018\/07\/pexels-photo-634650.jpeg\"  data-min-height=\"500\"   \/><div id=\"interactive-banner-wrap-8127\" class=\"ult-new-ib-desc\" style=\"\"><h1 class=\"ult-new-ib-title ult-responsive\"  data-ultimate-target='#interactive-banner-wrap-8127 .ult-new-ib-title'  data-responsive-json-new='{\"font-size\":\"desktop:32px;\",\"line-height\":\"\"}'  style=\"font-weight:bold;color:#000000;\">Montefrula<\/h1><div class=\"ult-new-ib-content ult-responsive\"  data-ultimate-target='#interactive-banner-wrap-8127 .ult-new-ib-content'  data-responsive-json-new='{\"font-size\":\"\",\"line-height\":\"\"}'  style=\"font-weight:normal;\"><p>Finca: Montefrula, Huesca<br \/>\nSuperficie : 520 has. Intensivo con marco de 6*4 = 416 \u00e1rboles\/ha<br \/>\nA\u00f1o de Plantaci\u00f3n: Primavera, oto\u00f1o 2017 y primavera 2018.<br \/>\nPlantaci\u00f3n de almendros de variedades: Penta, Marinada, Belona, Soleta y Vairo.<\/p><\/div><\/div><a class=\"ult-new-ib-link\" href=\"https:\/\/www.naturalwoodycrops.com\/index.php\/montefrula\/\"  ><\/a><\/div>[\/vc_column][\/vc_row][vc_row][vc_column width=&#8221;1\/3&#8243;]<div tabindex=\"0\" class=\"ult-new-ib ult-ib-effect-style1  ult-ib-resp ult-ib2-min-height \" data-min-width=\"768\" data-max-width=\"900\" style=\"background:rgba(255,255,255,0.56); opacity:0; \" data-opacity=\"0.6\" data-hover-opacity=\"1\"  data-min-height=\"500\" ><img decoding=\"async\" class=\"ult-new-ib-img\" style=\"opacity:0.6;\" alt=\"null\" src=\"https:\/\/www.naturalwoodycrops.com\/wp-content\/uploads\/2018\/07\/almond-tree-3308361_960_720.jpg\"  data-min-height=\"500\"   \/><div id=\"interactive-banner-wrap-3010\" class=\"ult-new-ib-desc\" style=\"\"><h1 class=\"ult-new-ib-title ult-responsive\"  data-ultimate-target='#interactive-banner-wrap-3010 .ult-new-ib-title'  data-responsive-json-new='{\"font-size\":\"desktop:32px;\",\"line-height\":\"\"}'  style=\"font-weight:bold;color:#000000;\">Almendros del Tagus<\/h1><div class=\"ult-new-ib-content ult-responsive\"  data-ultimate-target='#interactive-banner-wrap-3010 .ult-new-ib-content'  data-responsive-json-new='{\"font-size\":\"\",\"line-height\":\"\"}'  style=\"font-weight:normal;\"><p>Finca: Dehesa de la Huerta, C\u00e1ceres<br \/>\nSuperficie: 187 has. Intensivo con marco de 6*4<br \/>\nA\u00f1o de Plantaci\u00f3n previsto: Primavera 2019<br \/>\nPlantaci\u00f3n de almendros: Vairo, Marinada, Lauranne, y Soleta.<\/p><\/div><\/div><a class=\"ult-new-ib-link\" href=\"https:\/\/www.naturalwoodycrops.com\/index.php\/almendros-del-tagus\/\"  ><\/a><\/div>[\/vc_column][vc_column width=&#8221;1\/3&#8243;][\/vc_column][vc_column width=&#8221;1\/3&#8243;][\/vc_column][\/vc_row][vc_row][vc_column][vc_column_text]<\/p>\n<h2 style=\"text-align: center;\"><strong>Plantaci\u00f3n prevista para Oto\u00f1o 2019<\/strong><\/h2>\n<p>[\/vc_column_text][\/vc_column][\/vc_row][vc_row][vc_column width=&#8221;1\/3&#8243;]<div tabindex=\"0\" class=\"ult-new-ib ult-ib-effect-style1  ult-ib-resp ult-ib2-min-height \" data-min-width=\"768\" data-max-width=\"900\" style=\"background:rgba(255,255,255,0.56); opacity:0; \" data-opacity=\"0.6\" data-hover-opacity=\"1\"  data-min-height=\"500\" ><img decoding=\"async\" class=\"ult-new-ib-img\" style=\"opacity:0.6;\" alt=\"null\" src=\"https:\/\/www.naturalwoodycrops.com\/wp-content\/uploads\/2018\/07\/39804.jpg\"  data-min-height=\"500\"   \/><div id=\"interactive-banner-wrap-9133\" class=\"ult-new-ib-desc\" style=\"\"><h1 class=\"ult-new-ib-title ult-responsive\"  data-ultimate-target='#interactive-banner-wrap-9133 .ult-new-ib-title'  data-responsive-json-new='{\"font-size\":\"desktop:32px;\",\"line-height\":\"\"}'  style=\"font-weight:bold;color:#000000;\">Almendros del Rosarito<\/h1><div class=\"ult-new-ib-content ult-responsive\"  data-ultimate-target='#interactive-banner-wrap-9133 .ult-new-ib-content'  data-responsive-json-new='{\"font-size\":\"\",\"line-height\":\"\"}'  style=\"font-weight:normal;\"><p>Finca: Deheson del Roble, Toledo<br \/>\nSuperficie: 90 has. Intensivo con marco de 6*4<br \/>\nA\u00f1o de Plantaci\u00f3n previsto: Oto\u00f1o 2019<br \/>\nPlantaci\u00f3n de almendros<\/p><\/div><\/div><a class=\"ult-new-ib-link\" href=\"https:\/\/www.naturalwoodycrops.com\/index.php\/almendros-del-rosarito\/\"  ><\/a><\/div>[\/vc_column][vc_column width=&#8221;1\/3&#8243;]<div tabindex=\"0\" class=\"ult-new-ib ult-ib-effect-style1  ult-ib-resp ult-ib2-min-height \" data-min-width=\"768\" data-max-width=\"900\" style=\"background:rgba(255,255,255,0.56); opacity:0; \" data-opacity=\"0.6\" data-hover-opacity=\"1\"  data-min-height=\"500\" ><img decoding=\"async\" class=\"ult-new-ib-img\" style=\"opacity:0.6;\" alt=\"null\" src=\"https:\/\/www.naturalwoodycrops.com\/wp-content\/uploads\/2019\/06\/17048529800_4459b95f07_c.jpg\"  data-min-height=\"500\"   \/><div id=\"interactive-banner-wrap-8239\" class=\"ult-new-ib-desc\" style=\"\"><h1 class=\"ult-new-ib-title ult-responsive\"  data-ultimate-target='#interactive-banner-wrap-8239 .ult-new-ib-title'  data-responsive-json-new='{\"font-size\":\"desktop:32px;\",\"line-height\":\"\"}'  style=\"font-weight:bold;color:#000000;\">Almendros del Alag\u00f3n<\/h1><div class=\"ult-new-ib-content ult-responsive\"  data-ultimate-target='#interactive-banner-wrap-8239 .ult-new-ib-content'  data-responsive-json-new='{\"font-size\":\"\",\"line-height\":\"\"}'  style=\"font-weight:normal;\"><p>Finca: Dehesa R\u00edo Bermejo y Pedro Chino<br \/>\nSuperficie: 70has. Intensivo con marco de 6*4<\/p><\/div><\/div><a class=\"ult-new-ib-link\" href=\"https:\/\/www.naturalwoodycrops.com\/index.php\/almendros-del-alagon\/\"  ><\/a><\/div>[\/vc_column][vc_column width=&#8221;1\/3&#8243;][\/vc_column][\/vc_row][vc_row][vc_column][vc_column_text]<\/p>\n<h2 style=\"text-align: center;\"><strong>Plantaciones de Pistacho<\/strong><\/h2>\n<p>[\/vc_column_text][\/vc_column][\/vc_row][vc_row][vc_column width=&#8221;1\/3&#8243;][\/vc_column][vc_column width=&#8221;1\/3&#8243;]<div tabindex=\"0\" class=\"ult-new-ib ult-ib-effect-style1  ult-ib-resp ult-ib2-min-height \" data-min-width=\"768\" data-max-width=\"900\" style=\"background:rgba(255,255,255,0.56); opacity:0; \" data-opacity=\"0.6\" data-hover-opacity=\"1\"  data-min-height=\"500\" ><img decoding=\"async\" class=\"ult-new-ib-img\" style=\"opacity:0.6;\" alt=\"null\" src=\"https:\/\/www.naturalwoodycrops.com\/wp-content\/uploads\/2018\/07\/pistacho2.jpg\"  data-min-height=\"500\"   \/><div id=\"interactive-banner-wrap-1370\" class=\"ult-new-ib-desc\" style=\"\"><h1 class=\"ult-new-ib-title ult-responsive\"  data-ultimate-target='#interactive-banner-wrap-1370 .ult-new-ib-title'  data-responsive-json-new='{\"font-size\":\"desktop:32px;\",\"line-height\":\"\"}'  style=\"font-weight:bold;color:#000000;\">Villadiego<\/h1><div class=\"ult-new-ib-content ult-responsive\"  data-ultimate-target='#interactive-banner-wrap-1370 .ult-new-ib-content'  data-responsive-json-new='{\"font-size\":\"\",\"line-height\":\"\"}'  style=\"font-weight:normal;\"><p>Finca: Villadiego, Ciudad Real<br \/>\nSuperficie : 75 has.<br \/>\nA\u00f1o de Plantaci\u00f3n: Oto\u00f1o 2017<br \/>\nOpci\u00f3n sobre plantaci\u00f3n de pistachos variedad Cornicabra<\/p><\/div><\/div><a class=\"ult-new-ib-link\" href=\"https:\/\/www.naturalwoodycrops.com\/index.php\/villadiego\/\"  ><\/a><\/div>[\/vc_column][vc_column width=&#8221;1\/3&#8243;][\/vc_column][\/vc_row]<\/p>\n<\/div>","protected":false},"excerpt":{"rendered":"<p>[vc_row][vc_column][vc_single_image image=&#8221;132&#8243; img_size=&#8221;large&#8221; alignment=&#8221;center&#8221;][vc_column_text] Contamos con las siguientes explotaciones: [\/vc_column_text][vc_column_text] Actualmente plantadas [\/vc_column_text][\/vc_column][\/vc_row][vc_row][vc_column width=&#8221;1\/3&#8243;][\/vc_column][vc_column width=&#8221;1\/3&#8243;][\/vc_column][vc_column width=&#8221;1\/3&#8243;][\/vc_column][\/vc_row][vc_row][vc_column width=&#8221;1\/3&#8243;][\/vc_column][vc_column width=&#8221;1\/3&#8243;][\/vc_column][vc_column width=&#8221;1\/3&#8243;][\/vc_column][\/vc_row][vc_row][vc_column][vc_column_text] Plantaci\u00f3n prevista para Oto\u00f1o 2019 [\/vc_column_text][\/vc_column][\/vc_row][vc_row][vc_column width=&#8221;1\/3&#8243;][\/vc_column][vc_column width=&#8221;1\/3&#8243;][\/vc_column][vc_column width=&#8221;1\/3&#8243;][\/vc_column][\/vc_row][vc_row][vc_column][vc_column_text] Plantaciones de Pistacho [\/vc_column_text][\/vc_column][\/vc_row][vc_row][vc_column width=&#8221;1\/3&#8243;][\/vc_column][vc_column width=&#8221;1\/3&#8243;][\/vc_column][vc_column width=&#8221;1\/3&#8243;][\/vc_column][\/vc_row]<\/p>\n","protected":false},"author":1,"featured_media":0,"parent":0,"menu_order":0,"comment_status":"closed","ping_status":"closed","template":"","meta":{"footnotes":""},"class_list":["post-135","page","type-page","status-publish","hentry","description-off"],"yoast_head":"<!-- This site is optimized with the Yoast SEO plugin v27.3 - https:\/\/yoast.com\/product\/yoast-seo-wordpress\/ -->\n<title>Explotaciones - Natural Woody Crops<\/title>\n<meta name=\"robots\" content=\"index, follow, max-snippet:-1, max-image-preview:large, max-video-preview:-1\" \/>\n<link rel=\"canonical\" href=\"https:\/\/www.naturalwoodycrops.com\/index.php\/explotaciones-2\/\" \/>\n<meta property=\"og:locale\" content=\"en_US\" \/>\n<meta property=\"og:type\" content=\"article\" \/>\n<meta property=\"og:title\" content=\"Explotaciones - Natural Woody Crops\" \/>\n<meta property=\"og:description\" content=\"[vc_row][vc_column][vc_single_image image=&#8221;132&#8243; img_size=&#8221;large&#8221; alignment=&#8221;center&#8221;][vc_column_text] Contamos con las siguientes explotaciones: [\/vc_column_text][vc_column_text] Actualmente plantadas [\/vc_column_text][\/vc_column][\/vc_row][vc_row][vc_column width=&#8221;1\/3&#8243;][\/vc_column][vc_column width=&#8221;1\/3&#8243;][\/vc_column][vc_column width=&#8221;1\/3&#8243;][\/vc_column][\/vc_row][vc_row][vc_column width=&#8221;1\/3&#8243;][\/vc_column][vc_column width=&#8221;1\/3&#8243;][\/vc_column][vc_column width=&#8221;1\/3&#8243;][\/vc_column][\/vc_row][vc_row][vc_column][vc_column_text] Plantaci\u00f3n prevista para Oto\u00f1o 2019 [\/vc_column_text][\/vc_column][\/vc_row][vc_row][vc_column width=&#8221;1\/3&#8243;][\/vc_column][vc_column width=&#8221;1\/3&#8243;][\/vc_column][vc_column width=&#8221;1\/3&#8243;][\/vc_column][\/vc_row][vc_row][vc_column][vc_column_text] Plantaciones de Pistacho [\/vc_column_text][\/vc_column][\/vc_row][vc_row][vc_column width=&#8221;1\/3&#8243;][\/vc_column][vc_column width=&#8221;1\/3&#8243;][\/vc_column][vc_column width=&#8221;1\/3&#8243;][\/vc_column][\/vc_row]\" \/>\n<meta property=\"og:url\" content=\"https:\/\/www.naturalwoodycrops.com\/index.php\/explotaciones-2\/\" \/>\n<meta property=\"og:site_name\" content=\"Natural Woody Crops\" \/>\n<meta property=\"article:modified_time\" content=\"2019-06-14T08:41:50+00:00\" \/>\n<meta name=\"twitter:card\" content=\"summary_large_image\" \/>\n<meta name=\"twitter:label1\" content=\"Est. reading time\" \/>\n\t<meta name=\"twitter:data1\" content=\"4 minutes\" \/>\n<script type=\"application\/ld+json\" class=\"yoast-schema-graph\">{\"@context\":\"https:\\\/\\\/schema.org\",\"@graph\":[{\"@type\":\"WebPage\",\"@id\":\"https:\\\/\\\/www.naturalwoodycrops.com\\\/index.php\\\/explotaciones-2\\\/\",\"url\":\"https:\\\/\\\/www.naturalwoodycrops.com\\\/index.php\\\/explotaciones-2\\\/\",\"name\":\"Explotaciones - Natural Woody Crops\",\"isPartOf\":{\"@id\":\"https:\\\/\\\/www.naturalwoodycrops.com\\\/#website\"},\"datePublished\":\"2018-07-18T08:05:26+00:00\",\"dateModified\":\"2019-06-14T08:41:50+00:00\",\"breadcrumb\":{\"@id\":\"https:\\\/\\\/www.naturalwoodycrops.com\\\/index.php\\\/explotaciones-2\\\/#breadcrumb\"},\"inLanguage\":\"en-US\",\"potentialAction\":[{\"@type\":\"ReadAction\",\"target\":[\"https:\\\/\\\/www.naturalwoodycrops.com\\\/index.php\\\/explotaciones-2\\\/\"]}]},{\"@type\":\"BreadcrumbList\",\"@id\":\"https:\\\/\\\/www.naturalwoodycrops.com\\\/index.php\\\/explotaciones-2\\\/#breadcrumb\",\"itemListElement\":[{\"@type\":\"ListItem\",\"position\":1,\"name\":\"Portada\",\"item\":\"https:\\\/\\\/www.naturalwoodycrops.com\\\/\"},{\"@type\":\"ListItem\",\"position\":2,\"name\":\"Explotaciones\"}]},{\"@type\":\"WebSite\",\"@id\":\"https:\\\/\\\/www.naturalwoodycrops.com\\\/#website\",\"url\":\"https:\\\/\\\/www.naturalwoodycrops.com\\\/\",\"name\":\"Natural Woody Crops\",\"description\":\"NWC\",\"potentialAction\":[{\"@type\":\"SearchAction\",\"target\":{\"@type\":\"EntryPoint\",\"urlTemplate\":\"https:\\\/\\\/www.naturalwoodycrops.com\\\/?s={search_term_string}\"},\"query-input\":{\"@type\":\"PropertyValueSpecification\",\"valueRequired\":true,\"valueName\":\"search_term_string\"}}],\"inLanguage\":\"en-US\"}]}<\/script>\n<!-- \/ Yoast SEO plugin. -->","yoast_head_json":{"title":"Explotaciones - Natural Woody Crops","robots":{"index":"index","follow":"follow","max-snippet":"max-snippet:-1","max-image-preview":"max-image-preview:large","max-video-preview":"max-video-preview:-1"},"canonical":"https:\/\/www.naturalwoodycrops.com\/index.php\/explotaciones-2\/","og_locale":"en_US","og_type":"article","og_title":"Explotaciones - Natural Woody Crops","og_description":"[vc_row][vc_column][vc_single_image image=&#8221;132&#8243; img_size=&#8221;large&#8221; alignment=&#8221;center&#8221;][vc_column_text] Contamos con las siguientes explotaciones: [\/vc_column_text][vc_column_text] Actualmente plantadas [\/vc_column_text][\/vc_column][\/vc_row][vc_row][vc_column width=&#8221;1\/3&#8243;][\/vc_column][vc_column width=&#8221;1\/3&#8243;][\/vc_column][vc_column width=&#8221;1\/3&#8243;][\/vc_column][\/vc_row][vc_row][vc_column width=&#8221;1\/3&#8243;][\/vc_column][vc_column width=&#8221;1\/3&#8243;][\/vc_column][vc_column width=&#8221;1\/3&#8243;][\/vc_column][\/vc_row][vc_row][vc_column][vc_column_text] Plantaci\u00f3n prevista para Oto\u00f1o 2019 [\/vc_column_text][\/vc_column][\/vc_row][vc_row][vc_column width=&#8221;1\/3&#8243;][\/vc_column][vc_column width=&#8221;1\/3&#8243;][\/vc_column][vc_column width=&#8221;1\/3&#8243;][\/vc_column][\/vc_row][vc_row][vc_column][vc_column_text] Plantaciones de Pistacho [\/vc_column_text][\/vc_column][\/vc_row][vc_row][vc_column width=&#8221;1\/3&#8243;][\/vc_column][vc_column width=&#8221;1\/3&#8243;][\/vc_column][vc_column width=&#8221;1\/3&#8243;][\/vc_column][\/vc_row]","og_url":"https:\/\/www.naturalwoodycrops.com\/index.php\/explotaciones-2\/","og_site_name":"Natural Woody Crops","article_modified_time":"2019-06-14T08:41:50+00:00","twitter_card":"summary_large_image","twitter_misc":{"Est. reading time":"4 minutes"},"schema":{"@context":"https:\/\/schema.org","@graph":[{"@type":"WebPage","@id":"https:\/\/www.naturalwoodycrops.com\/index.php\/explotaciones-2\/","url":"https:\/\/www.naturalwoodycrops.com\/index.php\/explotaciones-2\/","name":"Explotaciones - Natural Woody Crops","isPartOf":{"@id":"https:\/\/www.naturalwoodycrops.com\/#website"},"datePublished":"2018-07-18T08:05:26+00:00","dateModified":"2019-06-14T08:41:50+00:00","breadcrumb":{"@id":"https:\/\/www.naturalwoodycrops.com\/index.php\/explotaciones-2\/#breadcrumb"},"inLanguage":"en-US","potentialAction":[{"@type":"ReadAction","target":["https:\/\/www.naturalwoodycrops.com\/index.php\/explotaciones-2\/"]}]},{"@type":"BreadcrumbList","@id":"https:\/\/www.naturalwoodycrops.com\/index.php\/explotaciones-2\/#breadcrumb","itemListElement":[{"@type":"ListItem","position":1,"name":"Portada","item":"https:\/\/www.naturalwoodycrops.com\/"},{"@type":"ListItem","position":2,"name":"Explotaciones"}]},{"@type":"WebSite","@id":"https:\/\/www.naturalwoodycrops.com\/#website","url":"https:\/\/www.naturalwoodycrops.com\/","name":"Natural Woody Crops","description":"NWC","potentialAction":[{"@type":"SearchAction","target":{"@type":"EntryPoint","urlTemplate":"https:\/\/www.naturalwoodycrops.com\/?s={search_term_string}"},"query-input":{"@type":"PropertyValueSpecification","valueRequired":true,"valueName":"search_term_string"}}],"inLanguage":"en-US"}]}},"_links":{"self":[{"href":"https:\/\/www.naturalwoodycrops.com\/index.php\/wp-json\/wp\/v2\/pages\/135","targetHints":{"allow":["GET"]}}],"collection":[{"href":"https:\/\/www.naturalwoodycrops.com\/index.php\/wp-json\/wp\/v2\/pages"}],"about":[{"href":"https:\/\/www.naturalwoodycrops.com\/index.php\/wp-json\/wp\/v2\/types\/page"}],"author":[{"embeddable":true,"href":"https:\/\/www.naturalwoodycrops.com\/index.php\/wp-json\/wp\/v2\/users\/1"}],"replies":[{"embeddable":true,"href":"https:\/\/www.naturalwoodycrops.com\/index.php\/wp-json\/wp\/v2\/comments?post=135"}],"version-history":[{"count":62,"href":"https:\/\/www.naturalwoodycrops.com\/index.php\/wp-json\/wp\/v2\/pages\/135\/revisions"}],"predecessor-version":[{"id":250,"href":"https:\/\/www.naturalwoodycrops.com\/index.php\/wp-json\/wp\/v2\/pages\/135\/revisions\/250"}],"wp:attachment":[{"href":"https:\/\/www.naturalwoodycrops.com\/index.php\/wp-json\/wp\/v2\/media?parent=135"}],"curies":[{"name":"wp","href":"https:\/\/api.w.org\/{rel}","templated":true}]}}